 Calculate d(2).
-25
Let i(t) = t**3 - 19*t**2 + 4*t + 42. Suppose 1590*l - 304 = 1574*l. Calculate i(l).
118
Let w(z) be the first derivative of 5*z**4/2 + 4*z**3 + 4*z + 150. Let g(d) = -7*d**3 - 8*d**2 - 3. Let o(y) = -7*g(y) - 5*w(y). Give o(-2).
-7
Let m = 15801 - 15809. Let l(w) = w**2 + 19*w + 81. Give l(m).
-7
Let u = -202 + 204. Let g(k) = -k - 327 + k**3 + k**2 + 4*k**u + 325. Suppose 5*v = v - 20. Determine g(v).
3
Let b be ((-28)/(-8) - 2)*(-4)/(-2). Let m(p) be the second derivative of -1/6*p**3 + 9*p + 0*p**2 + 0. Calculate m(b).
-3
Suppose -744 = -15*t + 156. Let d(a) = 67*a + a**2 - 3 + t*a - 189*a + 59*a. Calculate d(4).
1
Let o be (28/(-6) - -4)*189/(-6). Suppose o = j + 5*r, 2*r = -2*j + 1 + 1. Let b(s) = -s**3 - 4*s**2 - s. Determine b(j).
4
Let v(c) be the first derivative of c**3/3 - c**2/2 - 6*c - 1087. Give v(7).
36
Suppose 221 = -153*c + 166*c. Let v(m) = 8*m - 144. Give v(c).
-8
Let m(b) = -20*b**2 + b + 11. Let k be m(0). Suppose 0 = -13*z + k*z + 12. Let j(n) be the second derivative of -n**4/12 + n**3 + 3*n**2/2 - n. Calculate j(z).
3
Let o(q) be the second derivative of 43*q - 3/2*q**3 - 1/12*q**4 + 0 + 7*q**2. Give o(-11).
-8
Suppose 32*r + 420 - 1380 = 0. Suppose -51*x + r*x = 105. Let w(l) = -l**3 - 5*l**2 + 5*l + 7. Let i(u) = -u**2 + 1. Let g(c) = i(c) - w(c). Calculate g(x).
-6
Let u(i) = -4*i**2 - 3*i - 2. Let n = -234 - -167. Let a = n + 103. Suppose -a = 4*g - 28. Determine u(g).
-12
Let o(y) = -y + 3. Let s be o(5). Let i be -1*s/(-4)*14. Let b(n) = n - 2. Determine b(i).
-9
Let l = 6 + -11. Suppose -3*g - 4*w = 11, -2*w + 31 = 41. Let q(c) = -2*c + 20. Let v(x) = 2*x - 14. Let y(u) = g*q(u) + 4*v(u). Determine y(l).
-6
Let s(b) = 176*b - 65*b - 54*b - 154 - 74*b. What is s(-9)?
-1
Let m(y) = -13706*y - 3 + 25 + 27411*y + 5 - 13707*y. What is m(12)?
3
Let d(u) be the second derivative of u**7/630 - u**6/240 - u**5/60 - u**4/12 - 4*u**2 - 27*u. Let h(z) be the third derivative of d(z). Give h(-1).
5
Let y(o) = -36571*o**3 - 9*o - 6 + 36572*o**3 - 8*o**2 - 2 - o**2. Determine y(10).
2
Let i(d) = -7*d - 95. Let v be i(-26). Let u = 92 - v. Let g(x) = -x**3 + 7*x**2 - 5*x - 3. Determine g(u).
22
Suppose -5303 = 62*j - 4683. Let d(m) = m**3 + 9*m**2 - 8*m - 11. Determine d(j).
-31
Let d be 2/(-2) + 4 + 2. Let y(i) = -10 + i**2 - 4 + d. Suppose 4*u + 8*u + 10*u = 12*u. What is y(u)?
-9
Suppose -5*o = 4*r + 14, 0 = 4*o - 3*r - 4 + 9. Let x be 28/(-35)*255/o. Let g be 6/(-8) - x/(-136). Let m(u) = -u**3 + u**2 + u + 3. Determine m(g).
3
Let b(y) = -y**2 + y - 15. Suppose 34*o + 20 = 39*o. Suppose 5*w = 5*w + o*w. Give b(w).
-15
Let r = 3489 + -3530. Let b(c) = -c**2 - 46*c - 204. Determine b(r).
1
Let m(g) be the second derivative of -g**5/10 - g**4 + 2*g**3/3 + 15*g**2 - 6234*g. Give m(-6).
6
Let v = 377 - 365. Let s(z) = z**3 - 12*z**2 + 6*z - 32. Determine s(v).
40
Let m(l) = l**2 + 3*l - 11. Let b be m(-5). Let z(o) be the first derivative of 1/2*o**2 + o - 9 - 2/3*o**3. Determine z(b).
-2
Let q be 9 - 4*12/8. Let x = -27 + 42. Let s(g) = -g + x - 15. What is s(q)?
-3
Suppose -19*b = -0*b + 38. Let m be (0 + (-3 - -2))*b. Let a(t) = 5*t - 8. Give a(m).
2
Let x(y) = y**2 + 16*y + 9. Let u be (-2)/((-5)/165*6). Suppose 6 = u*t + 171. Determine x(t).
-6
Let g(a) = 2*a**2 - 2*a + 2. Let m(z) = z**2 + 4*z - 2. Let t be m(-5). Let l be (432/384 + (-2)/16)*9. Suppose 2*f - c = l, 20 = t*c - 7*c. Calculate g(f).
6
Let q(g) be the first derivative of g**4/4 - 4*g - 1. Let p(l) = 2*l**3 + l**2 + 7*l - 34. Let a be p(4). Let c = a + -138. Determine q(c).
-4
Let s(u) = u + 24. Suppose -4 = -o, 0 = -c - o - 16 + 10. Calculate s(c).
14
Let k(h) = -10*h**3 - 72*h**2 + 23*h + 11. Let n(f) = -3*f**3 - 20*f**2 + 8*f + 4. Let j(v) = -2*k(v) + 7*n(v). Determine j(6).
-6
Let o(c) = -462*c + 30. Let g(s) = 40*s - 3. Let a(w) = -21*g(w) - 2*o(w). Calculate a(-1).
-81
Let j(k) = -2*k - 4. Let f be (6 - 2 - 31) + -1. Let i(v) = -v**3 - 27*v**2 + 28*v - 3. Let n be i(f). What is j(n)?
2
Let f(h) = -206 + 8*h - 8*h - 206 + 410 - h. Let u = -5 + 2. Let v be 98/(-10) + u/15. Give f(v).
8
Let p(z) = -3*z + 36. Let w(a) = a**2 + 58*a + 329. Let t be w(-52). Determine p(t).
-15
Let b be (-2)/10 + (-1278)/710. Suppose -6*x + 10 = -2. Let a(m) = -15*m**3 + 14*m**3 + 6 + x*m - 3 + m**2. Determine a(b).
11
Let q(t) = -4*t + 114. Let w be (-15)/10 - (-95)/(-10)*-3. Let m be q(w). Let n(c) = c**2 - 2*c - 8. Calculate n(m).
16
Let m(z) be the third derivative of z**5/60 - 4*z**3 - 16*z**2 + 18. What is m(-7)?
25
Let t(b) = -3*b**2 - 50*b - 67. Suppose -136*p = 91*p + 3405. Calculate t(p).
8
Let b(q) be the third derivative of q**5/60 - 3*q**4/8 + 2*q**3/3 - 2*q**2 + 3949. Let i = 9 + -5. Give b(i).
-16
Let q(c) be the second derivative of -c**5/20 + 31*c**4/12 - 37*c**3/6 + 207*c**2/2 - 2*c + 496. Give q(30).
-3
Let j(r) = -r**2 - 3*r + 12. Suppose 2*q + 513 - 254 = 249. Calculate j(q).
2
Let c(d) = 7*d - 5. Let l(t) = -4*t - 3. Let g(p) = -4*p - 4. Let f(q) = -5*g(q) + 6*l(q). Let b(w) = 6*c(w) + 10*f(w). Determine b(5).
0
Let x(d) = 56 - 178*d**2 - 186*d**2 + 363*d**2 + 0*d - 4*d. What is x(7)?
-21
Let t(i) = -i**2 - i + 10. Suppose 0 = 3*c + 2*z + z - 213, -2*z - 383 = -5*c. Suppose -w - c = -68. Calculate t(w).
-32
Let a(p) = 5*p**2. Let f be a(1). Let q(l) = -2*l - 4*l - 15 + f*l + 17. Calculate q(5).
-3
Let c(v) = 2*v**3 - v**2 - 10*v + 2. Let m = -6175 + 6175. What is c(m)?
2
Let n(d) = -d**2 - 11*d**3 + 0 - 2*d**3 + 44*d**3 - 4*d**3 + 3 - 28*d**3 + 5*d. Suppose 0*o + 3*o + 12 = 0. Give n(o).
31
Let t = -1664 + 1666. Let y(d) = d**2 + 2*d - 9. Calculate y(t).
-1
Let u be ((-162)/12 - -6)/(-1 - (-1)/(-2)). Let d(p) = -p**3 + 9*p**2 - 20*p - 8. Determine d(u).
-8
Let b be -1 - (2/8 + (-85)/20). Let d(f) = 1 + 1 - 2*f**2 - 221*f + 221*f - f**b. Suppose 0 = 4*h + 2*g, -2*g + 16 = -2*h + g. Give d(h).
2
Let q(n) = -4*n + 1. Let p(z) be the second derivative of -7*z**3/3 - 43*z**2 - 4*z - 7. Let y be p(-6). Determine q(y).
9
Let b(p) = -p**3 + 4*p**2 + 5. Suppose 6*w + f - 17 = 0, -5*w - 30*f = -25*f + 15. Calculate b(w).
5
Let c be 4 + (2 - 2) + -1. Let h(t) = 2. Let d(f) be the first derivative of -f**2/2 + 39. Let w(k) = d(k) - h(k). Calculate w(c).
-5
Let u(z) = -27 - 39 - 24 - 2*z + 43*z + 72. What is u(3)?
105
Suppose 6997*t + 72 = 7005*t. Let w(y) = -3*y + 39. What is w(t)?
12
Let t(d) = -d + 12. Let j(f) = -10*f**3 + f**2 + 7*f + 6. Let g = 40 + -41. Let m be j(g). Give t(m).
2
Let h(y) be the first derivative of 3*y**2/2 + 10*y + 293. Give h(7).
31
Let x(k) = k + 4. Let m = 9 + -4. Let q(t) = 2*t**2 - 5*t - 150. Let r be q(10). Let b be (-6)/(-15)*(r - m). Calculate x(b).
2
Suppose -17*w = -20*w. Let y(o) = -4 + 3 - 16*o**2 + 18*o**2 - 3*o + w*o. What is y(3)?
8
Let g(w) = w**3 - 65*w**2 - 14*w + 17. Let s(u) = -u**3 + 50*u**2 + 13*u - 16. Let d(c) = 4*g(c) + 5*s(c). Determine d(-11).
10
Let m(a) be the third derivative of -a**5/15 - a**3/6 + a**2. Suppose -3 + 47 = -11*c. Let t be (0 - c) + -7 + (-5 - -9). Give m(t).
-5
Let r(t) be the third derivative of t**5/60 - t**4/8 - t**3/2 + 79629*t**2. Let n(i) = -7*i. Let j be n(-1). Give r(j).
25
Suppose 3*l + 55 = -2*f - 161, 0 = l - 4. Let k = f - -121. Let y(o) = -o**2 + 7*o - 1. Give y(k).
-1
Let k(p) = -18*p**3 - p**2 + p + 1. Let y(u) = -9 + 2*u**3 + u + 3*u - 8*u**2 - 2*u. Let r be y(4). Determine k(r).
17
Suppose 5*d + 44 = d. Let m be 4/(-62) - (-405)/31. Let x = d + m. Let a(o) = -o**3 + o**2 + 2*o + 1. Calculate a(x).
1
Let i(s) = s**3 - 5*s**2 - 4. Suppose -u + 0*u + 17 = -3*n, 3*u = -2*n - 4. Suppose -u*f + 20 = 3*f. Suppose 10 + 10 = f*t. What is i(t)?
-4
Let j(d) = d**3 - 7*d**2 - 6*d - 9. Let g(t) = t**2 + 27*t + 170. Let a be g(-9). Give j(a).
7
Let x(z) = 20*z - 133 + 18*z - 47*z + 131. Determine x(5).
-47
Suppose 2*r - 12 = 3*r. Let z(j) = -j**3 - 3*j**2. Let w(m) = -2*m**3 - 15*m**2 + 4. Let q(p) = w(p) - z(p). Give q(r).
4
Suppose -30*h - 4965 = -33*h. Let y(u) = 1 - 8*u**2 + h*u - 1655*u. Let x be 6/(-15) - 28/(-20). Determine y(x).
-7
Let u(t) = -t**2 + 9*t - 2. Let m(g) = -3*g**2 - 37*g + 39. Let n be m(-16). Let v = n + 147. Calculate u(v).
-12
Suppose 3*j = 8*h - 5*h + 6, -4*h + 3*j = 12. Let q(b) = b**3 + 5*b**2 - 11*b - 12. Determine q(h).
18
Let t(w) be the 